 5 divide h?
False
Let a(q) = 2*q**2 + 7*q - 2. Does 28 divide a(-6)?
True
Suppose 3*w - 342 + 93 = 0. Is w a multiple of 7?
False
Let c = 1 - 6. Let r(z) = -5*z**2 + 6*z + 2. Let q(d) = -d**2 + d. Let g(p) = 4*q(p) - r(p). Does 11 divide g(c)?
True
Suppose 4*c = 46 + 10. Suppose 0 = 2*n - 20 - c. Is 12 a factor of n?
False
Suppose 0 = -0*o - 3*o - 6, o + 2 = -2*h. Suppose k + 22 = p, h*k - 74 = -4*p - 3*k. Is 20 a factor of p?
True
Let a = 83 + -26. Is a a multiple of 18?
False
Let m be ((-36)/(-14))/((-9)/(-42)). Suppose i + 7 = m. Is i/(-2)*(-198)/15 a multiple of 11?
True
Let f be 732/(-14) - (-12)/42. Let j = f - -88. Is j + (3 - 2) + -3 a multiple of 15?
False
Let g(s) = 2*s + 7. Suppose -4*x + 25 - 5 = 0. Is 5 a factor of g(x)?
False
Suppose 2*j + 36 = 4*t - 2*j, 0 = 5*t - 2*j - 30. Suppose 3*n - 22 = -2*p, -28 = -t*p + 4*n + 16. Does 8 divide p?
False
Let u(t) = t**3 + 6*t**2 - 3. Let a be u(-6). Is 19 a factor of (-1192)/(-16) - a/2?
True
Suppose -2*i + 4*k + 30 = 0, -2*i - i - k + 80 = 0. Let p = i + -16. Is p a multiple of 6?
False
Suppose -p + 6*p = 25. Suppose 3*h - h + 5*s - p = 0, 3*s - 41 = -5*h. Is h a multiple of 10?
True
Does 9 divide ((-36)/8)/(3/(-18))?
True
Let f(u) = -u**3 + 9*u**2 - 7*u + 3. Let z be f(8). Suppose -3*m + 3 + 3 = 0. Suppose 3*n - z = m*n. Is n a multiple of 5?
False
Let l be 9/(-1)*(3 + -2). Let d(y) = y**2 + 9*y + 5. Let r be d(l). Suppose 5*v - v + 27 = u, -r*u + 39 = 4*v. Does 7 divide u?
False
Let h(a) = a**2 - 2*a - 39. Is h(8) even?
False
Let k = -10 - -19. Is 9 a factor of (1 - -1)/(1/k)?
True
Suppose 4*l - d = 247, -d - 3*d = 3*l - 209. Let u = l + -38. Suppose 11 + u = 2*z. Does 9 divide z?
True
Let m = 13 + 18. Does 11 divide m?
False
Suppose 0 = -4*d + 4*f + 400, -5*d + 367 = 3*f - 125. Does 7 divide d?
False
Let u(w) = -w**2 - 7*w - 6. Suppose -6 = -0*d + d. Let m be u(d). Suppose -i + m*i = -t - 20, 74 = 4*i - t. Is i a multiple of 18?
True
Let w be (-14)/(-6) + 4/6. Suppose 39 = -3*x + 5*x - 3*c, -w*x - c = -53. Is 5 a factor of (-2)/9 + 346/x?
False
Suppose -4*r = 2*x - 24, -5*r + 2*x = 5*x - 31. Is r a multiple of 5?
True
Suppose -24 - 27 = 3*j. Let n = 9 - j. Does 7 divide n?
False
Let j(h) = -5*h - 22. Is 14 a factor of j(-10)?
True
Suppose 13*l = 16*l - 72. Is 8 a factor of l?
True
Suppose 35 = -2*v + 5*j + 108, 0 = -2*j - 2. Does 17 divide v?
True
Let k(c) = c**3 + c**2 - c - 3. Let n be k(3). Suppose u - 2*u = -n. Is u a multiple of 15?
True
Suppose 18 = -3*v - 0*v. Let f = 54 - v. Does 13 divide f?
False
Let z(s) = -8*s + 1. Let k = 2 + -3. Does 5 divide z(k)?
False
Suppose 3*t - 7*j = -2*j + 574, 4*t = 4*j + 776. Is 22 a factor of t?
True
Let y be (4 - 3)*(-41)/1. Let u = y - -61. Does 10 divide u?
True
Let g be (-1)/((-1)/(-22)*-2). Let r be (-2)/(-11) + (-2)/g. Suppose -u + 2 + 21 = r. Is 9 a factor of u?
False
Let h(l) = -l**3 - l**2 - 6*l + 3. Let n be h(4). Let p = n + 171. Is p a multiple of 14?
True
Suppose 0 = -3*o - v + 5*v + 743, 4*o - 974 = -3*v. Does 35 divide o?
True
Let q = 5 + -7. Let i be (10/4)/((-1)/q). Suppose -2 = i*s - 57. Does 11 divide s?
True
Let x(p) = p**2 + 2*p - 7. Let g be x(-5). Let t(o) = -o**3 + 8*o**2 + 3. Let u be t(g). Suppose r = -k + u, -r + 4*k + 3 = -k. Is r even?
False
Suppose 0*a - a = -72. Is a a multiple of 24?
True
Let z(p) = -2*p. Let c be z(7). Let t = c - -5. Let a = t - -19. Does 10 divide a?
True
Suppose 0 = l - 4*w - 21, -2*l + w + 0*w + 63 = 0. Is 19 a factor of l?
False
Suppose 3*j = 4*j. Suppose -5*u + 54 + 1 = j. Does 3 divide u?
False
Let p(u) = -u**3 - 9*u**2 - 8*u + 7. Let q be (-7)/14 - (-81)/2. Suppose 0 = 4*y + y + q. Does 3 divide p(y)?
False
Suppose -17 = v + 5*z, 0*v + z = 2*v - 10. Suppose v*q + 4*a - 44 = -0, 0 = 3*q + 3*a - 42. Is 9 a factor of q?
False
Suppose 2*g - 14 + 0 = 0. Is g a multiple of 3?
False
Suppose 3*s + 1 = 4*s. Is (s - 0)*(15 + -8) a multiple of 3?
False
Suppose 0 = 5*u - 60 - 240. Suppose u = z + z. Is z a multiple of 9?
False
Let j(g) = 4*g**2 - 1. Let q be j(1). Suppose -5*u = -u + x - 16, q*u - 12 = 3*x. Suppose 157 = u*t - 4*v + 57, -4*t + 3*v = -99. Is 12 a factor of t?
True
Suppose 0 = 3*w + 97 - 310. Is w a multiple of 19?
False
Let s(x) = -30*x + 15. Is s(-3) a multiple of 35?
True
Let u(z) = 1 + 0 - z + 4 - 4. Let o be u(-2). Suppose 0 = -3*q + 2*h + 156, 5 + 47 = q - o*h. Does 14 divide q?
False
Let c(k) = 9*k - 1. Let m(d) = d**2 - 3*d + 3. Let y be m(3). Let n be c(y). Suppose 0*l = -2*l - 3*t + 9, 5*l + 4*t = n. Is l a multiple of 6?
True
Let o = 7 - 2. Suppose -o*r + 125 = -85. Is 4 a factor of (r/35)/((-3)/(-10))?
True
Let h(c) = -c**3 + 10*c**2 - 6*c - 5. Let k be h(9). Suppose -k = -4*s - 2. Suppose -4*a - 44 = -7*a - s*x, 28 = 4*a - x. Is a a multiple of 8?
True
Let f(t) = t**2 - 6*t - 2. Let o be f(7). Suppose -2*d - 41 = -n - 0*n, -o*n + 3*d + 184 = 0. Is n a multiple of 16?
False
Suppose 0 = -7*v + 611 + 264. Does 12 divide v?
False
Let s be (-4)/(-6) - (-436)/(-6). Let f = s - -102. Does 10 divide f?
True
Let a(m) be the second derivative of m**5/20 - m**4/6 + m**3/6 - 9*m**2/2 + 4*m. Does 7 divide a(4)?
False
Let n(i) = 3*i**2 - 2*i + 2. Is 9 a factor of n(-2)?
True
Let p(x) = x**2 + x. Let n be p(-2). Suppose n*i + y = 103, 4*y = -3*i - 9 + 156. Is 14 a factor of i?
False
Suppose 2*c - 330 = -0*c. Does 13 divide c?
False
Suppose 3*l = -k + 297, -2*l + 2*k - 394 = -6*l. Does 17 divide l?
False
Suppose -2*n + 37 = -17. Is 9 a factor of n?
True
Let r = 45 - -1. Let p(n) = n**3 + 3*n**2 + n + 1. Let i be p(-2). Let k = r - i. Is k a multiple of 14?
False
Let i(s) = -7*s**3 - s**2 + 15*s - 2. Let u(a) = -20*a**3 - 4*a**2 + 44*a - 6. Let l(v) = 17*i(v) - 6*u(v). Is l(-8) a multiple of 10?
True
Let a(y) be the second derivative of -y**4/12 - 2*y**3/3 + 3*y**2/2 - 3*y. Let g be a(-4). Suppose v = g*v - 12. Is v a multiple of 3?
True
Let x = -317 - -142. Let v = x - -247. Is v a multiple of 12?
True
Is ((-192)/14)/((-10)/70) a multiple of 6?
True
Suppose 3 = 3*o - 3. Suppose 16 = n - 2*v, n + 4*v - 2 = o. Is 5 a factor of n?
False
Suppose -2*q - 116 = -5*h, 4*q + 0 = 8. Let m = 5 - 0. Suppose -3*d - h = -m*d. Is d a multiple of 12?
True
Does 9 divide -2 - (-59 + (-8)/(-4) + 1)?
True
Let r = 154 - 84. Is r a multiple of 14?
True
Suppose 3*l = 6*l. Let t(b) = b**2 + 25. Let s be t(l). Is 11 a factor of 15/s - 104/(-10)?
True
Suppose 5*p - 20 = 2*h, 3*h = -5*p + 2*p + 12. Let o(g) = -g + 3 - g**2 + 9 + 0. Is 8 a factor of o(h)?
False
Suppose 23 = 9*v - 76. Is 5 a factor of v?
False
Let c(k) = k - 1. Let x be c(-2). Let q = 8 + x. Is q a multiple of 5?
True
Let v be (1 - 8)*20/(-70). Suppose 0 = v*s + 4*t - 32, 3*t + 58 = 4*s + 8*t. Is 6 a factor of s?
True
Let z(u) = -13*u**3 + 14*u**3 + 6*u**2 + 2 - 3*u - 3*u. Is 19 a factor of z(-6)?
True
Let w(j) = j**2 - 4*j + 14. Does 7 divide w(7)?
True
Let r = 353 - 132. Is 11 a factor of r?
False
Let d be -1 + -2 + 3 - 4. Let x(h) = h**3 + 4*h**2 - 3*h - 4. Is x(d) a multiple of 4?
True
Let q(v) = -6 + 1 + 3 + 9*v**2 + 1. Is q(-1) a multiple of 4?
True
Let g(z) = 0*z + 3*z + 3*z**2 + 2 - 2*z**2. Let k be g(-2). Suppose -3*r - r + 40 = k. Is 10 a factor of r?
True
Let o be (2 + -1)/(3/15). Suppose -3*h + 6 + 0 = 0, 2 = 2*d - o*h. Let g = d + 12. Does 9 divide g?
True
Suppose 6*x - 2*x - 36 = 0. Is x a multiple of 2?
False
Suppose -3*l = -6*l - 5*t - 4, 0 = -3*l - 3*t + 6. Let i be (-298)/14 - (-2)/l. Let y = 45 + i. Is 12 a factor of y?
True
Let c(j) = -20*j - 40. Is c(-16) a multiple of 40?
True
Let h(s) = -33*s - 1. Is h(-1) a multiple of 21?
False
Let o = 17 - 14. Let d(q) = q**3 + q**2 - 7*q. Is d(o) a multiple of 15?
True
Does 20 divide 6*((-24)/9 - -3) - -38?
True
Is 10 a factor of 0 + 1/(2/(-84)*-3)?
False
Suppose -4*l = l - 105. Suppose -2*d + l = -d. Is 7 a factor of d?
True
Let p = -12 + 2. Let s = -60 + p. Is 11 a factor of (-7)/14 - s/4?
False
Let x(o) = o**2 - o + 2. Let n be x(0). Does 21 divide (-2276)/(-36) + n/(-9)?
True
Is -3 - (7 + -4 + -16) a multiple of 9?
False
Let z = 321 - 81. Does 10 divide z?
True
Suppose 2*f = -5*a + 80, -15 - 49 = -4*a - 2*f. Does 3 divide a?
False
Let x(q) = 85*q**3 - 2*q + 1. Is x(1) a multiple of 12?
True
Suppose -4*m + 174 = 5*i, -4*i + 140 = -2*m + 6*m. Is 17 a factor of i?
True
Let z be 4 + 